{"id":11,"date":"2026-02-23T19:54:04","date_gmt":"2026-02-23T19:54:04","guid":{"rendered":"https:\/\/lespetiteshistoiresdenomnom.com\/?page_id=11"},"modified":"2026-02-23T19:58:34","modified_gmt":"2026-02-23T19:58:34","slug":"politique-des-cookies","status":"publish","type":"page","link":"https:\/\/lespetiteshistoiresdenomnom.com\/index.php\/politique-des-cookies\/","title":{"rendered":"Politique des cookies"},"content":{"rendered":"\n<div class=\"wp-block-cover alignfull is-light has-contrast-color has-text-color has-link-color wp-elements-c0748a3d5af38094b1f5d4ac9c946054\" style=\"margin-top:0;margin-bottom:0;padding-top:var(--wp--preset--spacing--60);padding-right:var(--wp--preset--spacing--50);padding-bottom:var(--wp--preset--spacing--60);padding-left:var(--wp--preset--spacing--50)\"><span aria-hidden=\"true\" class=\"wp-block-cover__background has-base-background-color has-background-dim-100 has-background-dim\"><\/span><div class=\"wp-block-cover__inner-container has-global-padding is-layout-constrained wp-container-core-cover-is-layout-873ee6b1 wp-block-cover-is-layout-constrained\">\n<div class=\"wp-block-columns alignwide is-style-default is-layout-flex wp-container-core-columns-is-layout-7ee84d44 wp-block-columns-is-layout-flex\">\n<div class=\"wp-block-column is-layout-flow wp-block-column-is-layout-flow\" style=\"flex-basis:65%\">\n<div class=\"wp-block-group is-vertical is-content-justification-stretch is-layout-flex wp-container-core-group-is-layout-353c4f5a wp-block-group-is-layout-flex\">\n<p class=\"has-text-align-left\">Politique de cookies<\/p>\n\n\n\n<p>Date d&#8217;entr\u00e9e en vigueur: February 23, 2026<\/p>\n\n\n\n<p>Derni\u00e8re mise \u00e0 jour: February 23, 2026<\/p>\n\n\n\n<h2 class=\"wp-block-heading\">Que sont les cookies?<\/h2>\n\n\n\n<p>Les cookies sont de petits fichiers texte qui sont plac\u00e9s sur votre ordinateur ou appareil mobile lorsque vous visitez un site web. Ils sont largement utilis\u00e9s par les propri\u00e9taires de sites web afin de faire fonctionner leurs sites, ou de les faire fonctionner de mani\u00e8re plus efficace, ainsi que pour fournir des informations de rapport. Les cookies d\u00e9finis par le propri\u00e9taire du site web sont appel\u00e9s &#8220;cookies propri\u00e9taires&#8221;. Les cookies d\u00e9finis par des parties autres que le propri\u00e9taire du site web sont appel\u00e9s &#8220;cookies tiers&#8221;. Les cookies tiers permettent de fournir des fonctionnalit\u00e9s ou des caract\u00e9ristiques tierces sur ou via le site web (par exemple, la publicit\u00e9, le contenu interactif et les analyses).<\/p>\n\n\n\n<h2 class=\"wp-block-heading\">Comment utilisons-nous les cookies?<\/h2>\n\n\n\n<p>Nous utilisons des cookies propri\u00e9taires et tiers pour plusieurs raisons. Certains cookies sont n\u00e9cessaires pour des raisons techniques afin que notre site web fonctionne correctement, et nous les appelons donc cookies &#8220;essentiels&#8221; ou &#8220;n\u00e9cessaires&#8221;. D&#8217;autres cookies nous permettent \u00e9galement de suivre et de cibler les int\u00e9r\u00eats de nos utilisateurs afin d&#8217;am\u00e9liorer l&#8217;exp\u00e9rience sur notre site. Des tiers servent des cookies via notre site web \u00e0 des fins d&#8217;analyse et d&#8217;autres objectifs.<\/p>\n\n\n\n<p>Plus concr\u00e8tement, nous utilisons les cookies aux fins suivantes : assurer le bon fonctionnement du site, m\u00e9moriser vos pr\u00e9f\u00e9rences de navigation, analyser la fr\u00e9quentation et le comportement des visiteurs afin d&#8217;am\u00e9liorer continuellement le contenu propos\u00e9 sur lespetiteshistoiresdenomnom.com, et vous proposer une exp\u00e9rience de navigation personnalis\u00e9e.<\/p>\n\n\n\n<h2 class=\"wp-block-heading\">Types de cookies que nous utilisons<\/h2>\n\n\n\n<p>N\u00e9cessaire<\/p>\n\n\n\n<p>Les cookies n\u00e9cessaires sont indispensables au fonctionnement de base de ce site, notamment pour assurer une connexion s\u00e9curis\u00e9e et g\u00e9rer vos pr\u00e9f\u00e9rences de consentement. Ces cookies ne stockent aucune donn\u00e9e permettant de vous identifier personnellement.<\/p>\n\n\n\n<figure class=\"wp-block-table\"><table class=\"has-fixed-layout\"><thead><tr><th class=\"has-text-align-left\" data-align=\"left\">Cookie<\/th><th class=\"has-text-align-left\" data-align=\"left\">Duration<\/th><th class=\"has-text-align-left\" data-align=\"left\">Description<\/th><\/tr><\/thead><tbody><tr><td class=\"has-text-align-left\" data-align=\"left\">wpEmojiSettingsSupports<\/td><td class=\"has-text-align-left\" data-align=\"left\">session<\/td><td class=\"has-text-align-left\" data-align=\"left\">WordPress sets this cookie when a user interacts with emojis on a WordPress site. It helps determine if the user&#8217;s browser can display emojis properly.<\/td><\/tr><tr><td class=\"has-text-align-left\" data-align=\"left\">wordpress_test_cookie<\/td><td class=\"has-text-align-left\" data-align=\"left\">session<\/td><td class=\"has-text-align-left\" data-align=\"left\">WordPress sets this cookie to determine whether cookies are enabled on the users&#8217; browsers.<\/td><\/tr><tr><td class=\"has-text-align-left\" data-align=\"left\">wordpress_*<\/td><td class=\"has-text-align-left\" data-align=\"left\">past<\/td><td class=\"has-text-align-left\" data-align=\"left\">WordPress sets this cookie when a user logs in to the WordPress administration. It stores the user&#8217;s authentication details, allowing them to access the backend.&nbsp;<\/td><\/tr><tr><td class=\"has-text-align-left\" data-align=\"left\">wordpress_sec_*<\/td><td class=\"has-text-align-left\" data-align=\"left\">past<\/td><td class=\"has-text-align-left\" data-align=\"left\">WordPress sets this cookie to provide protection against hackers and store account details.<\/td><\/tr><tr><td class=\"has-text-align-left\" data-align=\"left\">wordpress_logged_in_*<\/td><td class=\"has-text-align-left\" data-align=\"left\">past<\/td><td class=\"has-text-align-left\" data-align=\"left\">WordPress sets this to indicate that you are logged in and who you are, for most interface use.<\/td><\/tr><tr><td class=\"has-text-align-left\" data-align=\"left\">wp-settings-*<\/td><td class=\"has-text-align-left\" data-align=\"left\">past<\/td><td class=\"has-text-align-left\" data-align=\"left\">WordPress sets this cookie to preserve the user\u2019s wp-admin settings.<\/td><\/tr><tr><td class=\"has-text-align-left\" data-align=\"left\">wp-settings-time-*<\/td><td class=\"has-text-align-left\" data-align=\"left\">past<\/td><td class=\"has-text-align-left\" data-align=\"left\">WordPress sets this cookie to preserve the user\u2019s wp-admin settings.<\/td><\/tr><tr><td class=\"has-text-align-left\" data-align=\"left\">wordpressuser_*<\/td><td class=\"has-text-align-left\" data-align=\"left\">past<\/td><td class=\"has-text-align-left\" data-align=\"left\">WordPress sets this cookie to authenticate users and maintain their login session. It ensures that logged-in users can navigate the website securely and access authorised areas such as their account dashboard or the admin panel.<\/td><\/tr><tr><td class=\"has-text-align-left\" data-align=\"left\">wordpresspass_*<\/td><td class=\"has-text-align-left\" data-align=\"left\">past<\/td><td class=\"has-text-align-left\" data-align=\"left\">WordPress sets this cookie to authenticate logged-in users securely. It stores an encrypted version of the password to verify user credentials while ensuring that the actual password is never exposed.<\/td><\/tr><\/tbody><\/table><\/figure>\n\n\n\n<h2 class=\"wp-block-heading\">G\u00e9rer les pr\u00e9f\u00e9rences de cookies<\/h2>\n\n\n\n<p><a>Pr\u00e9f\u00e9rences de consentement<\/a><\/p>\n\n\n\n<p>Vous pouvez modifier vos param\u00e8tres de cookies \u00e0 tout moment en cliquant sur le bouton \u00ab Pr\u00e9f\u00e9rences de consentement \u00bb ci-dessus. Cela vous permettra de revenir sur la banni\u00e8re de consentement aux cookies, de mettre \u00e0 jour vos pr\u00e9f\u00e9rences ou de retirer imm\u00e9diatement votre consentement.<\/p>\n\n\n\n<p>De plus, diff\u00e9rents navigateurs proposent diff\u00e9rentes m\u00e9thodes pour bloquer et supprimer les cookies utilis\u00e9s par les sites Web. Vous pouvez ajuster les param\u00e8tres de votre navigateur pour bloquer ou supprimer les cookies. Vous trouverez ci-dessous des liens vers des documents d&#8217;assistance sur la fa\u00e7on de g\u00e9rer et de supprimer les cookies sur les principaux navigateurs Web.<\/p>\n\n\n\n<p>Chrome:&nbsp;<a target=\"_blank\" rel=\"noreferrer noopener\" href=\"https:\/\/support.google.com\/accounts\/answer\/32050\">https:\/\/support.google.com\/accounts\/answer\/32050<\/a><\/p>\n\n\n\n<p>Safari:&nbsp;<a target=\"_blank\" rel=\"noreferrer noopener\" href=\"https:\/\/support.apple.com\/en-in\/guide\/safari\/sfri11471\/mac\">https:\/\/support.apple.com\/en-in\/guide\/safari\/sfri11471\/mac<\/a><\/p>\n\n\n\n<p>Firefox:&nbsp;<a target=\"_blank\" rel=\"noreferrer noopener\" href=\"https:\/\/support.mozilla.org\/en-US\/kb\/clear-cookies-and-site-data-firefox?redirectslug=delete-cookies-remove-info-websites-stored&amp;redirectlocale=en-US\">https:\/\/support.mozilla.org\/en-US\/kb\/clear-cookies-and-site-data-firefox?redirectslug=delete-cookies-remove-info-websites-stored&amp;redirectlocale=en-US<\/a><\/p>\n\n\n\n<p>Internet Explorer:&nbsp;<a target=\"_blank\" rel=\"noreferrer noopener\" href=\"https:\/\/support.microsoft.com\/en-us\/topic\/how-to-delete-cookie-files-in-internet-explorer-bca9446f-d873-78de-77ba-d42645fa52fc\">https:\/\/support.microsoft.com\/en-us\/topic\/how-to-delete-cookie-files-in-internet-explorer-bca9446f-d873-78de-77ba-d42645fa52fc<\/a><\/p>\n\n\n\n<p>Si vous utilisez un autre navigateur, veuillez vous r\u00e9f\u00e9rer \u00e0 sa documentation officielle.<\/p>\n\n\n\n<p class=\"is-style-text-subtitle is-style-text-subtitle--1\">Politique de cookies g\u00e9n\u00e9r\u00e9e par&nbsp;<a target=\"_blank\" rel=\"noreferrer noopener\" href=\"https:\/\/www.cookieyes.com\/?utm_source=CP&amp;utm_medium=footer&amp;utm_campaign=UW\">CookieYes &#8211; G\u00e9n\u00e9rateur de politique de cookies<\/a><\/p>\n<\/div>\n<\/div>\n<\/div>\n<\/div><\/div>\n","protected":false},"excerpt":{"rendered":"","protected":false},"author":1,"featured_media":0,"parent":0,"menu_order":0,"comment_status":"closed","ping_status":"closed","template":"","meta":{"footnotes":""},"class_list":["post-11","page","type-page","status-publish","hentry"],"_links":{"self":[{"href":"https:\/\/lespetiteshistoiresdenomnom.com\/index.php\/wp-json\/wp\/v2\/pages\/11","targetHints":{"allow":["GET"]}}],"collection":[{"href":"https:\/\/lespetiteshistoiresdenomnom.com\/index.php\/wp-json\/wp\/v2\/pages"}],"about":[{"href":"https:\/\/lespetiteshistoiresdenomnom.com\/index.php\/wp-json\/wp\/v2\/types\/page"}],"author":[{"embeddable":true,"href":"https:\/\/lespetiteshistoiresdenomnom.com\/index.php\/wp-json\/wp\/v2\/users\/1"}],"replies":[{"embeddable":true,"href":"https:\/\/lespetiteshistoiresdenomnom.com\/index.php\/wp-json\/wp\/v2\/comments?post=11"}],"version-history":[{"count":3,"href":"https:\/\/lespetiteshistoiresdenomnom.com\/index.php\/wp-json\/wp\/v2\/pages\/11\/revisions"}],"predecessor-version":[{"id":15,"href":"https:\/\/lespetiteshistoiresdenomnom.com\/index.php\/wp-json\/wp\/v2\/pages\/11\/revisions\/15"}],"wp:attachment":[{"href":"https:\/\/lespetiteshistoiresdenomnom.com\/index.php\/wp-json\/wp\/v2\/media?parent=11"}],"curies":[{"name":"wp","href":"https:\/\/api.w.org\/{rel}","templated":true}]}}